
Let q = 147 - 136. Suppose -q*w + 129 + 1378 = 0. What is the units digit of w?
7
Let w = 45 + -43. Suppose -w*c + 1 = -4*g - 13, 3*g = -c + 7. Let r(d) = 7*d - 19. What is the tens digit of r(c)?
3
Suppose 11*t - 5*t = 0. Suppose t = x + 2*v - 56, 0*x = -4*x + 5*v + 172. What is the tens digit of x + (-2 - 0/3)?
4
Let d(o) = o**3 - 19*o**2 + 17*o + 33. Let x be d(12). Let t = -612 - x. What is the units digit of t?
9
Let k = 794 - 816. Suppose -2*y - 5*b - 75 = 2*y, 2*y = -b - 45. Let m = k - y. What is the units digit of m?
3
Let c(l) = l**3 + 54*l**2 - 30*l - 40. What is the hundreds digit of c(12)?
1
Let t(n) = -22*n - 7. Let f be t(5). Let i = -10639 + 10405. Let r = f - i. What is the tens digit of r?
1
Let o(t) = 14*t**2 + 9*t - 88. Let m = -140 - -146. What is the tens digit of o(m)?
7
What is the units digit of 235*23 - (11 - 5 - (-3 - -3))?
9
Let d be (24/(-1 + 5))/(-5 - -7). Suppose w = -d*w - w. Suppose w = 4*c - 2*k - 344 - 544, 5*c - k = 1107. What is the units digit of c?
1
Suppose -4*q - 32 = -2*j, 2*j = 5*q - 12 + 48. Suppose 7*z - 5*z = -j*z. Suppose 5*h = 4*o - 357, -o - 2*h + 0*h + 73 = z. What is the units digit of o?
3
Let n(f) = -2*f**2 - 18*f + 81. Let l be n(-12). Suppose -l*c = 766 - 4114. What is the tens digit of c?
7
Let t(p) = -10*p + 84. Let b be t(8). Suppose -b*d - 617 = -5413. What is the units digit of d?
9
Suppose -5*c = 12*o - 10*o - 43969, 0 = -2*c + 4*o + 17602. What is the units digit of c?
5
Let f = -11200 + 17965. What is the units digit of f?
5
Let l(q) = -q + 2. Let b be l(5). Let u be 1*(b - -4 - -1). Suppose -108 + 6 = -u*t. What is the tens digit of t?
5
What is the units digit of -6 - (-2 - 4) - (7 - (12326 + -1))?
8
What is the units digit of 234/36*((-2307)/(-3) - 5)?
6
Let i(t) = t**2 + 104*t - 1955. What is the thousands digit of i(35)?
2
Suppose 31721*f + 51531 = 31730*f - 66171. What is the ten thousands digit of f?
1
Suppose -28*s + 34*s - g - 201643 = 0, 3*s - g = 100825. What is the thousands digit of s?
3
Let y(j) = -6*j**3 - 13*j**2 + 66*j - 176. What is the ten thousands digit of y(-18)?
2
Let f = 4766 - -1174. What is the tens digit of f?
4
Let x be -4 - -1 - (-253)/(-11). Let m be 172/(-22) - (-8)/(-44). Let h = m - x. What is the tens digit of h?
1
Suppose 9*g = 14*g. Suppose g = 2*b - 59 + 49. Suppose -4*s + 0*k + 1161 = k, b*s = -4*k + 1465. What is the tens digit of s?
8
Let l be (-4*3/(-36))/(2/15588). Let u = l - 893. What is the units digit of u?
5
Suppose 64 = 2*h + 50. Suppose -h*i - 1236 = -9*i - 4*y, -i - y + 614 = 0. What is the units digit of i?
0
Suppose 0*r - 4*s + 265 = 3*r, -r - s = -88. Suppose 0*p + 3*p = -3*v + r, -5*v - 23 = -2*p. What is the tens digit of p?
2
Let g be (1/(-6))/1 + (-1)/(-6). Let h be ((-2 - -139) + 0)*2. Suppose g = -3*s + b + 407, 0 = 2*s - 3*b + 5*b - h. What is the hundreds digit of s?
1
Let g(l) = -3*l**3 - 67*l**2 - 105*l + 21. What is the hundreds digit of g(-26)?
1
Let x be (-557)/5 - 51/85. Let v = x - -176. What is the tens digit of v?
6
Let q(k) = -1 - 8 - 2 + 27*k - 28*k. Let y be q(-16). What is the units digit of (2/y)/((-2)/(-40))?
8
Suppose 4*i - 5*p - 29870 = 0, 3*p = -105*i + 103*i + 14968. What is the thousands digit of i?
7
Let m(d) = d**3 - 13*d**2 + 10*d + 2. Let c be m(9). Suppose 4*n = q + 12, 5*q - 14 = -5*n + 26. What is the units digit of q + 6*c/(-12)?
0
Let o(t) = -2*t**3 - 25*t**2 - 561*t + 219. What is the hundreds digit of o(-30)?
5
Let u(o) = 26*o + 11. Suppose 3*h - 54 = 4*b, 0*b - 4*b - 26 = -h. Suppose h*d - 11*d = 15. What is the tens digit of u(d)?
4
Suppose 4*c = 15456 + 1296. What is the hundreds digit of c?
1
Suppose -135*b = -142*b + 28. Suppose -5*r - b*s + 2*s + 1280 = 0, -3*r + 2*s = -752. What is the hundreds digit of r?
2
Suppose -4*n + 6*y = 4*y - 92, 0 = -2*y + 4. What is the tens digit of 2654/13 - n/156?
0
Suppose 1 = -2*y - 5. Let s be 55/((-14)/(-4) + y). Suppose g - 2*k + s = 2*g, -5*g + 2*k + 502 = 0. What is the tens digit of g?
0
Let x = 6813 + -4545. What is the thousands digit of x?
2
Let l = -11105 - -31838. What is the tens digit of l?
3
Let z be 2*(85/10 + -1). Let h be -3 + 7/(21/z). Suppose h*y + 24 = 6*y. What is the units digit of y?
6
Suppose 17028 = 4*p - 4*v, 0 = -4*p + v - 5*v + 17076. What is the hundreds digit of p?
2
Let p = 1226 - -1018. What is the tens digit of p?
4
Let g = 7860 + -11352. What is the tens digit of (-1)/(g/872 + 4)?
1
Let o = 226338 + -132202. What is the tens digit of o?
3
Let i(m) = m**3 + 40*m**2 - 42*m + 124. Let d be i(-41). What is the tens digit of 11/(d/144)*(-20)/(-3)?
6
Suppose -21*n + 335714 + 712654 = -188490. What is the hundreds digit of n?
8
Let u(x) = x**2 - 10*x - 2. Let a be u(13). Let m = a + -43. What is the tens digit of (-152)/(-2) + (-6)/(m/2)?
7
Let a = -33 - -33. Suppose 0*z + z - 169 = -3*t, a = 3*z + 2*t - 507. Suppose 0 = 5*g - j + 3*j - z, 0 = j - 2. What is the units digit of g?
3
Let y(r) = 64*r**3 - r**2 + r + 2. Let h be y(-1). Let s = h + 60. What is the units digit of 4*((-21)/(-12) - 1/s)?
8
What is the units digit of 497678970/5605 - 8/(-236)?
2
Suppose 2*v - 19 + 11 = 0. Let a be (-7)/28 + 229/v. Suppose 4*j + 43 = 3*p + 7, 3*j = -3*p + a. What is the tens digit of p?
1
Suppose 2*x + 842 = -1192. What is the hundreds digit of x/(2 - (-2)/(16/(-22)))?
3
Let s(f) = 3*f - f + 39 - 17. Let a be s(-8). Suppose -8*l + 116 = -a*l. What is the tens digit of l?
5
Let w = -2203 + 45029. What is the hundreds digit of w?
8
Suppose 5 = t + 4*a + 1, -4 = t - 4*a. Suppose t*w = -9*w. Suppose w = 6*p - 3*p - 144. What is the tens digit of p?
4
Let z = -594 - -597. Let q(b) = -30*b + 1. Let d be q(-9). Suppose 5*n + z*m = 1003, -n + 5*m + d - 76 = 0. What is the tens digit of n?
0
Let w(d) be the second derivative of 5*d**3/6 + 9*d**2/2 - 31*d. Let y = 0 - -5. What is the units digit of w(y)?
4
Suppose 609859 = 234*y - 471689. What is the hundreds digit of y?
6
Let q be (-1 - 5)*(-16)/32 + -33. Let t be (1 + -6)*(-12)/q - 0. What is the tens digit of (143/t)/(1/(6/(-3)))?
4
Let z be (-2 - -5)*-1 + 5. Let f be ((-6)/(-9) - z/(-6))*201. Let a = f + -12. What is the tens digit of a?
8
What is the hundreds digit of (104/(-364))/(659215/(-439474) - (-15)/10)?
3
What is the units digit of (-24 - 2303*-16) + -1 + -2?
1
Let d(l) = 3333*l - 2140. What is the tens digit of d(4)?
9
Suppose -1126*k = -802*k - 24928884. What is the tens digit of k?
4
Suppose -66 = -3*b + p, 4*b - 88 = -p + 4*p. Let n = 33 - b. Let l(f) = -f**3 + 11*f**2 + 9*f - 28. What is the tens digit of l(n)?
7
Let k(t) = 361*t**2 + 21*t + 60. What is the units digit of k(-8)?
6
Suppose 136*g - 364195 = 213805. What is the thousands digit of g?
4
Let n(u) = 5*u + 17. Let t be n(-3). Suppose -t*a + 2*i - 2 = 0, -2*a + 5 - 3 = -4*i. Let o = 186 - a. What is the units digit of o?
9
Suppose 5*x + 5*l = -90, -5*l - 11 = -5*x - 101. Let b be 1 - 130/x - (-22)/(-99). Suppose b*g = -245 + 1469. What is the tens digit of g?
5
Let h = 375 + 396. Suppose -h = 8*y - 2875. What is the hundreds digit of y?
2
Let u(t) be the first derivative of 2/3*t**3 + 5 + 5*t + 19/2*t**2. What is the tens digit of u(-10)?
1
Let a = 278 + 588. Suppose -17*j + 936 = -a. What is the hundreds digit of j?
1
Let w = 110 - 86. Let x be (16/14)/(w/84). Suppose -653 = -x*c - 4*o + 231, 3*o - 12 = 0. What is the hundreds digit of c?
2
Suppose 25 = 3*l + 2*u, u + 6 = 4*l - 9. Suppose l*y + v = 6463, -5*y - 2*v + 5174 = -y. What is the tens digit of y?
9
Let n = 129 + -224. Let a = -43 - n. What is the units digit of a?
2
Let u be ((-2)/4 - 1/(-6))*0. Suppose -11*b + 7*b + 112 = u. Suppose 48 = 4*n - b. What is the units digit of n?
9
Let t(a) = 614*a**2 - 19. What is the hundreds digit of t(-2)?
4
Let o(i) = i**3 - 13*i**2 + 11*i - 26. Let z be (-3)/(-1 - ((-96)/(-30) + -4)). What is the units digit of o(z)?
9
Let w be (-4)/(-6)*15/5. Suppose -r = w, -4*c + r + 30 = -2*r. What is the tens digit of 4 + 53 + c/(-2)?
5
Let w = -58 + 22. Let d = w - -38. Suppose -d*j - j = b - 68, -2*b + 126 = -4*j. What is the units digit of b?
5
Let l = 240 - 225. Let g = 85 + -5. What is the tens digit of ((-24)/(-20) + (-3)/l)*g?
8
Suppose w + 60 = 6*w. Let h be (-3)/2*(1 + (-44)/w). What is the tens digit of ((9968/(-24))/7